 3*d + 9. What are the prime factors of 32/3 + (-2)/a?
11
Let i be (-2 + (-21)/(-6))*6. Suppose 0 = -g + 4*w - 12, 5*g + i + 3 = 4*w. Suppose g = -4*m + 3*m + 7. List the prime factors of m.
7
Suppose -2*s + 5*n + 28 = -0*s, 5*s - 36 = 4*n. Let l be (-8)/(-2) + -2 + 0. Suppose -18 = -3*o - m, s*m + 17 = l*o + 3*m. What are the prime factors of o?
7
Suppose -51 = -5*a - 3*k, -a + 2*k + 24 = -2*k. Suppose -4*m + 8 = -a. Suppose 6 = 4*h + m*d, 3*d + 0 + 2 = -h. List the prime factors of h.
2
Suppose -s = -8*s + 210. List the prime factors of s.
2, 3, 5
Suppose t = 15 + 77. What are the prime factors of t?
2, 23
Let x(i) = -39*i**3 + i**2 + i + 1. Let d be 1*3/(-6)*2. What are the prime factors of x(d)?
2, 5
Suppose 0 = -3*b + 2 + 1. Let h be 1/(-2)*70/5. List the prime factors of (0 - b)*1*h.
7
Let q(n) = n + 1 + 5*n + 2. Let b be q(-6). Let p = -21 - b. What are the prime factors of p?
2, 3
Suppose 3*b + 86 = 2*r, 4*r - 3*b + 77 - 261 = 0. List the prime factors of r.
7
Let h = -39 + 69. Suppose -6*z = -z - h. What are the prime factors of z?
2, 3
Let n(p) = p**2 + p + 1. Suppose 3*i - q = 7*i + 18, 0 = 2*q + 4. Let g = 6 + i. What are the prime factors of n(g)?
7
Suppose 0 = -2*q - 5*q + 511. What are the prime factors of q?
73
Let u(l) = 4*l**2 - 2*l + 5. List the prime factors of u(5).
5, 19
Let q be (-14)/(-6) - 2/6. Suppose q*v - 6*v = -12. Suppose 25 = 2*m + v*l, l = -3*m - 4*l + 40. What are the prime factors of m?
5
Suppose -t = -20 - 8. Suppose 7*p - 28 = 5*p. Let r = t - p. What are the prime factors of r?
2, 7
Suppose 0*i = 4*i - 440. Suppose i = -0*a + 5*a. What are the prime factors of a?
2, 11
Suppose 5 - 69 = -4*p + 4*c, -19 = -p - 2*c. List the prime factors of p.
17
Let y(h) be the second derivative of 2*h**3 - 3*h**2/2 + h. What are the prime factors of y(2)?
3, 7
Let a(z) = 15*z**2 - 3*z - 3. Let y(j) = -16*j**2 + 4*j + 4. Let q(l) = 5*a(l) + 4*y(l). List the prime factors of q(-2).
43
Suppose -7*r + 6*r = -108. List the prime factors of r.
2, 3
Suppose -10*i = -11*i + 94. List the prime factors of i.
2, 47
Let p(b) = -b**3 - b**2 - 2. Let x be p(-2). Let k = x - -1. List the prime factors of k.
3
Let u = -28 + 18. Let c = u - -17. What are the prime factors of c?
7
Suppose -6*a + 17*a = 1276. What are the prime factors of a?
2, 29
Suppose 6*o = o + 145. Suppose -h + o = 2*b + 2*h, 0 = -2*b + h + 33. What are the prime factors of b?
2
Suppose -180 = 3*n - 8*n. What are the prime factors of n?
2, 3
Let p be 2968/20 + 2/(-5). Suppose -2*x + p = 2*x. List the prime factors of x.
37
Suppose -i + 3*i - 86 = 0. Suppose -7 = 3*f - i. What are the prime factors of f?
2, 3
Let w(g) = g**2 - 14*g + 2. Let n be w(14). Suppose d = 3*o + 7 + 32, -d = n*o - 14. List the prime factors of d.
2, 3
Let y(g) = 2*g**3 + 2*g**2 - 5*g + 4. What are the prime factors of y(3)?
61
Let a(g) = g**3 + g**2 - 3*g - 3. Let x be a(-2). Let w = 0 - x. What are the prime factors of 4 + -3 - (0 - w)?
2
Let f = 97 - 85. List the prime factors of f.
2, 3
What are the prime factors of 1/(5/811) + (-28)/(-35)?
163
Let j(p) = -4*p - 17. What are the prime factors of j(-7)?
11
List the prime factors of (-18)/(1 - (2 - 0)).
2, 3
Let t = 343 + -125. List the prime factors of t.
2, 109
Let j(d) = -d**3 + d. Let a be j(-3). Suppose q - 5*h + 5 = 0, -3*q - 2*h = q - a. Suppose 20 = q*l - 5*c, c - 3*c = 3*l - 12. List the prime factors of l.
2
Let k(z) = 2*z**2 + 8*z + 5. Let m(r) = -5*r**2 - 16*r - 11. Let l(f) = 7*k(f) + 3*m(f). List the prime factors of l(5).
17
Let d(g) = g**2 - 9 - 2*g**2 - 5*g - 4*g. List the prime factors of d(-7).
5
Let j = 57 - 32. List the prime factors of j.
5
Let j = 92 + -49. What are the prime factors of j?
43
Suppose -26 = -3*b - 74. Let s = b + 24. What are the prime factors of s?
2
Let p(c) be the third derivative of c**6/120 + c**5/20 - c**4/12 - c**2. Suppose 0*t + 2*t + 6 = 0. What are the prime factors of p(t)?
2, 3
Let n(q) = -27*q**3 + 4*q**2 - 3*q + 2. Let w(o) = 13*o**3 - 2*o**2 + o - 1. Let m(c) = -3*n(c) - 7*w(c). List the prime factors of m(-1).
11
Let p(d) = d**2 + d - 6. List the prime factors of p(6).
2, 3
Let r be (-1)/(0/4 - 1). What are the prime factors of (14/1 - 1)*r?
13
Let u(c) = -c**2 + 12*c - 3. What are the prime factors of u(10)?
17
Let c = 12 - 14. Let i = 2 + 0. What are the prime factors of 21 - c*(-1)/i?
2, 5
Let p be (-185)/(-35) - (-2)/(-7). Let z(q) = q**3 - 6*q**2 + 6*q - 3. List the prime factors of z(p).
2
Let b be -5*-8*(-3)/(-10). Let l = b + -6. List the prime factors of l.
2, 3
Suppose s = -5*m + 359 + 655, 206 = m - 3*s. What are the prime factors of m?
7, 29
Let h = 244 + -174. Suppose -h = -0*y - 5*y. List the prime factors of y.
2, 7
Let g be -3*5/((-45)/24). Let j = 15 - g. What are the prime factors of j?
7
Let u = 14 + -5. Let l(z) = -z**2 + 8*z - 2 + u - 2. What are the prime factors of l(8)?
5
Suppose i + 2*a + 0*a - 2 = 0, 2*i = 3*a + 11. Suppose 0 = i*f - 62 - 78. List the prime factors of f.
5, 7
Let w(b) = -b**3 - 11*b**2 - 9*b + 13. Let v be w(-10). Let d = v - 0. List the prime factors of d.
3
Let y = 5 + 31. List the prime factors of y.
2, 3
Let p(j) = 4*j + 2*j + 7 + 3*j + j**2. Let h(m) = m**2 + 10*m + 6. Let s be h(-8). What are the prime factors of p(s)?
17
Let d = -4 - -9. Suppose -2*o - 3*h + 18 = -10, 0 = -d*o + 2*h + 32. List the prime factors of 1*(o + 1 + 0).
3
Let g be (-1)/4 - 370/(-40). Let f(z) = z**3 - 8*z**2 - 3*z - 8. List the prime factors of f(g).
2, 23
Let b(m) = m - 2. Let f be b(7). Suppose f*k - 6 = -5*a + 4, -k - 2*a = 3. List the prime factors of k.
7
Suppose 4*v - v + 267 = 2*x, -2*x = -2*v - 270. Suppose 5*n = -n + x. What are the prime factors of n?
23
Suppose 0 = 4*o - 2*b - b, 4*o = b + 8. List the prime factors of o.
3
Suppose -t - 5*g - 8 = 0, 4*t = 4*g - 0*g + 16. Suppose 2*i + 2*u = -16, 5 = -3*u + t. List the prime factors of (-4)/(-14) - 61/i.
3
Let q(a) be the second derivative of 0 - a**2 - 1/2*a**3 - 4*a. What are the prime factors of q(-4)?
2, 5
Let u = 392 + -67. What are the prime factors of u?
5, 13
Suppose 5*o + 68 = 23. Let m = -6 - o. List the prime factors of m.
3
Suppose 3*p + 2 = 11. Suppose 38 + 49 = p*i. What are the prime factors of i?
29
Let a = -9 + 5. What are the prime factors of (-19)/a*(4 + 0)?
19
Suppose -z - 79 + 17 = -4*l, 0 = -4*l - 4*z + 52. List the prime factors of l.
3, 5
Let r = 1 + -1. Suppose 5*z - 44 - 26 = r. Suppose 0*d = 2*d - z. List the prime factors of d.
7
Suppose -5*o - 2*v = -1, -5*v = -o - 21 + 5. Let b be 3*o - 243/(-9). What are the prime factors of (b/(-8))/((-1)/5)?
3, 5
Suppose 3*f = 4*f + 57. Let l = f + 81. List the prime factors of 2/(-8) - (-414)/l.
17
Suppose 3 - 31 = -3*b + 5*c, 0 = 4*c + 8. List the prime factors of b.
2, 3
Let p(c) = 2*c**2 + 2*c + 5. What are the prime factors of p(-4)?
29
Suppose -4*c - 169 = -5*d, 3*d + 3 = -2*c + 100. List the prime factors of d.
3, 11
Let t(v) = -3*v**2 - 7. Let q(l) = 2*l**2 + 6. Let r(c) = -6*q(c) - 5*t(c). Let k be r(1). Suppose k*z + 6 = 28. List the prime factors of z.
11
Let c(m) = m**2 + 3*m - 4. Let g be c(-3). List the prime factors of ((-9)/g)/((-21)/(-140)).
3, 5
Let h(j) = -j + 7. List the prime factors of h(-5).
2, 3
Let t(a) = -11*a**3 - 2*a**2 - a. Let h be t(-1). Let g(o) = -o**2 + 12*o - 5. List the prime factors of g(h).
3, 5
Let g(w) = -w**3 - w**2 + 113. What are the prime factors of g(0)?
113
Let a(v) = -1. Let y(m) = -5*m. Let h(o) = 4*a(o) + y(o). What are the prime factors of h(-7)?
31
Let b = 3 + 6. Suppose w - 34 = -b. What are the prime factors of w?
5
Let k = -19 - -40. List the prime factors of k.
3, 7
Suppose 0 = 7*z - 3*z - 4. Let n be (-3 - -5)*z/2. What are the prime factors of 129/12 + n/4?
11
Let z = 62 - 41. List the prime factors of z.
3, 7
Let l = -3 - -5. Suppose -2 = -3*x - 2*p, 2 = -2*x + l*p - 5*p. List the prime factors of x.
2
Let h(b) = -b**2 + 9*b. What are the prime factors of h(5)?
2, 5
Suppose -2*v + 0*v = 6. Let k = v - -5. List the prime factors of k.
2
Suppose -11*k = -5*k - 390. List the prime factors of k.
5, 13
Suppose 5*u - 61 = 3*t - 329, -5*u + 308 = 3*t. Suppose t = -0*i + 3*i. What are the prime factors of i?
2
Let h = 18 + 14. List the prime factors of (h/20)/((-1)/(-5)).
2
List the prime 